{"id":73135,"date":"2017-04-04T19:44:30","date_gmt":"2017-04-04T18:44:30","guid":{"rendered":"http:\/\/www.estufasandaluzas.com\/tiendaonline\/?post_type=product&#038;p=73135"},"modified":"2023-02-13T11:06:50","modified_gmt":"2023-02-13T10:06:50","slug":"insertable-de-lenan-modelo-panama-f-3-5-2-2-2-2-2-2-4-3-4-2-2-2-5","status":"publish","type":"product","link":"https:\/\/www.estufasandaluzas.com\/tiendaonline\/producto\/insertable-de-lenan-modelo-panama-f-3-5-2-2-2-2-2-2-4-3-4-2-2-2-5\/","title":{"rendered":"Estufa de pellet canalizable Bronpi &#8211; Modelo ABRIL"},"content":{"rendered":"<div class=\"col-md-6 col-sm-12\">\n<div class=\"row\">\n<h3>Caracter\u00edsticas<\/h3>\n<ul>\n<li>Fast On<\/li>\n<li>Oasys Plus<\/li>\n<li>Doble Sistema de Limpieza<\/li>\n<li>Nuevo Dise\u00f1o del Quemador<\/li>\n<li>Sistema de Doble C\u00e1mara<\/li>\n<li>Sistema de Cristal Limpio<\/li>\n<li>Silenciosa<\/li>\n<li>Sistema SIC<\/li>\n<li>Sistema de Modulaci\u00f3n<\/li>\n<li>Modelo dise\u00f1ado para un f\u00e1cil acceso a mantenimientos<\/li>\n<li>Compatible con Kit Wifi<\/li>\n<li>Programable<\/li>\n<li>V\u00e1lvula de sobrepresi\u00f3n de la c\u00e1mara<\/li>\n<li>Potencia m\u00e1x: 11kw<\/li>\n<li>Potencia m\u00e1x-m\u00edn (kW): 10-4,5kw<\/li>\n<li>Rendimiento (%): 91-94%<\/li>\n<li>Consumo m\u00e1x-m\u00edn (kg\/h): 2,3-1kg\/h<\/li>\n<li>Potencia el\u00e9ctrica (W): 150 &#8211; 300W<\/li>\n<li>Volumen calefactable (m<sup>3<\/sup>): 250m<sup>3<\/sup><\/li>\n<li>Capacidad del dep\u00f3sito (kg): 16kg<\/li>\n<li>Interior Vermiculita<\/li>\n<li>Autonom\u00eda m\u00edn-m\u00e1x (h.): 6,9-16h<\/li>\n<li>Peso (kg): 160kg<\/li>\n<li>Di\u00e1metro salida de humos (mm): 80mm<\/li>\n<li>Di\u00e1metro aspiraci\u00f3n de aire (mm): 50mm<\/li>\n<li>Ventilaci\u00f3n forzada (n\u00b0 x m<sup>3<\/sup>): 1&#215;430; 1&#215;130<\/li>\n<li>Canalizable: 1&#215;80<\/li>\n<li>Posibilidad de salida de humos superior, lateral o trasera<\/li>\n<li>Mando a distancia o centralita<\/li>\n<li>Sistema seguridad: S1: Termostato de seguridad pellet, Depres\u00edmetro<\/li>\n<li>Accesorios compatibles no incluidos: KIT WIFI<\/li>\n<\/ul>\n<\/div>\n<\/div>\n","protected":false},"excerpt":{"rendered":"<ul>\n<li><span style=\"font-size: 13.3333px;\">ESTUFA DE PELLET NOVEDAD 2021-2022<\/span><\/li>\n<li>CONSULTAR PRECIO.<\/li>\n<\/ul>\n<div class=\"simbol\"><\/div>\n<div class=\"simbol\"><span class=\"tooltips-link isimg\" title=\"\"><img loading=\"lazy\" decoding=\"async\" class=\"\" src=\"http:\/\/www.bronpi.com\/images\/ce_13229.jpg\" alt=\"ce 13229\" width=\"65\" height=\"40\" \/><\/span><\/div>\n<div class=\"simbol\"><span class=\"tooltips-link isimg\" title=\"\"><img loading=\"lazy\" decoding=\"async\" class=\"\" src=\"http:\/\/www.bronpi.com\/images\/dinplus.jpg\" alt=\"dinplus\" width=\"56\" height=\"31\" \/><\/span><\/div>\n<div class=\"simbol\"><span class=\"tooltips-link isimg\" title=\"\"><img loading=\"lazy\" decoding=\"async\" class=\"\" src=\"http:\/\/www.bronpi.com\/images\/I.BImSchV.jpg\" alt=\"I.BImSchV\" width=\"60\" height=\"33\" \/><\/span><\/div>\n<div class=\"simbol\"><\/div>\n<div class=\"col-sm-12\"><\/div>\n","protected":false},"featured_media":73133,"comment_status":"closed","ping_status":"closed","template":"","meta":{"_kadence_starter_templates_imported_post":false,"_kad_post_transparent":"","_kad_post_title":"","_kad_post_layout":"","_kad_post_sidebar_id":"","_kad_post_content_style":"","_kad_post_vertical_padding":"","_kad_post_feature":"","_kad_post_feature_position":"","_kad_post_header":false,"_kad_post_footer":false,"_kad_post_classname":""},"product_brand":[],"product_cat":[94,96],"product_tag":[127,134,192,132,120],"berocket_brand":[178],"class_list":{"0":"post-73135","1":"product","2":"type-product","3":"status-publish","4":"has-post-thumbnail","6":"product_cat-estufas","7":"product_cat-pellet","8":"product_tag-estufa","9":"product_tag-estufa-lena","10":"product_tag-estufa-pellet","11":"product_tag-estufas-lenas-insertables","12":"product_tag-pellet","13":"berocket_brand-brompi","15":"first","16":"instock","17":"taxable","18":"shipping-taxable","19":"purchasable","20":"product-type-simple","21":"entry","22":"content-bg","23":"loop-entry"},"_links":{"self":[{"href":"https:\/\/www.estufasandaluzas.com\/tiendaonline\/wp-json\/wp\/v2\/product\/73135","targetHints":{"allow":["GET"]}}],"collection":[{"href":"https:\/\/www.estufasandaluzas.com\/tiendaonline\/wp-json\/wp\/v2\/product"}],"about":[{"href":"https:\/\/www.estufasandaluzas.com\/tiendaonline\/wp-json\/wp\/v2\/types\/product"}],"replies":[{"embeddable":true,"href":"https:\/\/www.estufasandaluzas.com\/tiendaonline\/wp-json\/wp\/v2\/comments?post=73135"}],"wp:featuredmedia":[{"embeddable":true,"href":"https:\/\/www.estufasandaluzas.com\/tiendaonline\/wp-json\/wp\/v2\/media\/73133"}],"wp:attachment":[{"href":"https:\/\/www.estufasandaluzas.com\/tiendaonline\/wp-json\/wp\/v2\/media?parent=73135"}],"wp:term":[{"taxonomy":"product_brand","embeddable":true,"href":"https:\/\/www.estufasandaluzas.com\/tiendaonline\/wp-json\/wp\/v2\/product_brand?post=73135"},{"taxonomy":"product_cat","embeddable":true,"href":"https:\/\/www.estufasandaluzas.com\/tiendaonline\/wp-json\/wp\/v2\/product_cat?post=73135"},{"taxonomy":"product_tag","embeddable":true,"href":"https:\/\/www.estufasandaluzas.com\/tiendaonline\/wp-json\/wp\/v2\/product_tag?post=73135"},{"taxonomy":"berocket_brand","embeddable":true,"href":"https:\/\/www.estufasandaluzas.com\/tiendaonline\/wp-json\/wp\/v2\/berocket_brand?post=73135"}],"curies":[{"name":"wp","href":"https:\/\/api.w.org\/{rel}","templated":true}]}}